
Suppose -3*w + 8 = w. Suppose -20 = -w*l - 4*h, l + 3*l - h = 4. Suppose u - 41 = 5*b, -u - l*u + 133 = -5*b. What is the tens digit of u?
4
Suppose 10*n - 6*n - 12 = 0. Suppose 0 = n*u - u - 3*y - 172, -5*u - 5*y + 405 = 0. What is the tens digit of u?
8
Suppose 15 = 4*q - z, 5*q + z - 9 = -z. Suppose -4*p + 272 = -5*i, 83 + 94 = 3*p + q*i. What is the units digit of p?
3
Let z be 21/(1/2 + 1). Suppose 0 = z*i - 20*i + 1320. What is the units digit of i?
0
Suppose 0 = l + 2*y - 1748 + 156, 5*l - 7945 = -5*y. What is the hundreds digit of l?
5
Let g(f) = 26*f + 931. What is the thousands digit of g(64)?
2
Let u = -1220 - -1928. What is the hundreds digit of u?
7
Let f(s) = -s**3 + 8*s**2 + s - 4. Let i be f(8). What is the units digit of 2/(-8) + 97/i?
4
Suppose -3*d + 81 = j - 3356, 2*d - 2286 = 2*j. What is the hundreds digit of d?
1
Suppose 0 = -3*b + 12*b - 9999. What is the tens digit of b?
1
Suppose 4946 = 5*b - 3529. What is the units digit of b?
5
Suppose -5*p = -0*p - 40. What is the tens digit of (-28 + p)*18/(-8)?
4
Let r = 9 - 6. Suppose -3*w = 4*f - 105, -3*f = -w + r*w - 78. What is the tens digit of f?
2
Let v be 2*-2 + 103 + 4. Suppose -4*t + v = 5*w - 199, 4*t - 12 = 0. What is the tens digit of w?
5
Let a = 6350 - 2533. What is the units digit of a?
7
Let o = -222 + 1268. What is the tens digit of o?
4
Let n be (-11)/3*-3 - 0. Let c be -14 + n - (-5 - 0). What is the units digit of -1 + (c - 84/(-4))?
2
Suppose 4818 = -21*c + 32*c. What is the tens digit of c?
3
Let a = 10 + -5. Suppose a*j + o = 10, 4*j + o - 4 = j. Suppose t - j*t = -18. What is the units digit of t?
9
What is the tens digit of (-700014)/(-931) - (2 + 80/(-38))?
5
Suppose h = 4*k + 30, -38 + 142 = 3*h + 2*k. Let r = 72 - h. What is the units digit of r?
8
Suppose 759 + 46 = -7*c. Let j = c - -247. What is the tens digit of j?
3
Let k = 41 - 36. Suppose k*w - 55 = 85. What is the units digit of w?
8
Suppose 105929 = 36*x + 27485. What is the units digit of x?
9
Suppose 947 + 821 = 4*i - 3*q, 3*i - 1326 = -5*q. What is the tens digit of i?
4
Let b(d) be the first derivative of d**3/3 - 6*d**2 + 4*d + 6. Let t be b(12). Suppose 0 = -t*f - 16, 5*s + 0*f = 5*f + 260. What is the units digit of s?
8
Let m = 72 + -75. What is the units digit of (0 - m - 1) + 0?
2
Let z be (4 - 11)*2*13. What is the hundreds digit of (-20)/(-6)*(-4 + z/(-5))?
1
Let v = 5519 - 3807. What is the hundreds digit of v?
7
Let d(y) = -1004*y**3 + 7*y + 7. What is the hundreds digit of d(-1)?
0
Suppose -5*s = 18*r - 22*r + 5718, 2*s = -5*r + 7164. What is the units digit of r?
2
Let n be ((-3 - -11) + -2)*-3. Let r = n - -30. Let w = 25 - r. What is the units digit of w?
3
Suppose -a - 1008 = -3*a - 4*h, -1567 = -3*a + 5*h. What is the units digit of a?
4
Let f = 54 + -33. Let k(z) = -z**3 + 20*z**2 + 25*z + 1. What is the units digit of k(f)?
5
Suppose -14*x - 12 = -18*x. Suppose 0 = -o + x*o - 52. What is the units digit of o?
6
Suppose -m - 4*r = -700, -m + 6*m - 3431 = 3*r. What is the hundreds digit of m?
6
Let k(i) be the second derivative of i**5/20 + i**4/12 - 7*i**3/3 + 33*i**2/2 + 28*i. What is the units digit of k(5)?
3
Suppose -2*p + 5*c + 27 = -14, -5*c - 59 = -3*p. What is the units digit of p + -20 + 1 + 66?
5
Let j = 970 - -753. What is the tens digit of j?
2
Let x = -4 - 9. What is the tens digit of (-2)/x - (-2 + 3348/(-39))?
8
Suppose 0 = -2*b + 10, 2*v + 4*b = 6*v + 20. Suppose v = -t - 4*k + 11, -t + 5*k - 12 = -5. What is the units digit of t?
3
Let w(x) = x**2 + 14*x - 15. Let m be w(-15). Suppose -5*g = 25, m = -3*s - 4*g - 9 + 4. Suppose 17 + 65 = 2*b + 5*d, -10 = -s*d. What is the units digit of b?
6
Let q(b) = b**3 + 7*b**2 - 20*b + 27. What is the tens digit of q(7)?
7
What is the tens digit of (36/24)/(3*(-2)/(-3012))?
5
Let u(l) be the third derivative of -l**4/24 + l**3/3 + 6*l**2. Let y be u(-3). Suppose -y*b = -0*b - 90. What is the tens digit of b?
1
Suppose -18375 = -23*w - 1332. What is the units digit of w?
1
Let h be ((-10)/(-8))/((-15)/(-60)). Suppose 4*s + 80 = h*c, 5*s = 3*c - 15 - 33. Suppose -5*q + q + c = 0. What is the units digit of q?
4
Let l(u) = u**3 - 3*u + 2. Let q be l(0). Suppose -4*t = -p + 148, -p + q*p - 147 = 5*t. What is the units digit of p?
2
Let i(t) be the second derivative of -t**3/3 - 9*t**2/2 - 8*t. Let c be i(0). What is the units digit of (-272)/c - (-6)/(-27)?
0
Let j be (12/6)/((-3)/(18/(-4))). Suppose -u = -0*p + j*p - 615, -p + 212 = -2*u. What is the tens digit of p?
0
Suppose -a + 1010 = a. What is the hundreds digit of a?
5
Let v(x) = -7 + 3 - x**3 + 2*x + 9*x**2 - 2*x. Let c be v(9). Let l = 14 - c. What is the units digit of l?
8
Suppose 3*r = -4*v + 3*v + 7, -2*r + 10 = 2*v. Suppose 0 = o - r - 2. What is the tens digit of (5 - o) + (-1 - -27)?
2
Let i(w) = -w**3 - 9*w + 915. What is the tens digit of i(0)?
1
Suppose -2*g = -3*g + 2, -4*g - 2097 = -5*n. What is the tens digit of n?
2
Let y = 397 + 2654. What is the hundreds digit of y?
0
Let g(a) = a**3 + 2*a - 9. Let r(t) = -3*t - 14. Let n be (4 - 6/2)*-6. Let d be r(n). What is the units digit of g(d)?
3
Let n(r) = 7*r**3 - r. Let w be n(1). What is the units digit of (1*w)/((-36)/(-450))?
5
Let v = -2876 + 5634. What is the tens digit of v?
5
Suppose 4*g - 7 = 5*w, -3*g - 2*g = -2*w - 13. What is the units digit of (-5*g)/(-5) + 82?
5
Let u be 4/14 - (-618)/42. Let q = u - 6. Let y = 55 - q. What is the tens digit of y?
4
What is the units digit of (340/12)/(34/4488)?
0
Let n(l) = l**3 + 13*l**2 - 15*l - 20. Let u be n(-14). Let v = 66 + u. What is the tens digit of v?
6
Let q(g) = 1 + 2*g + 3 + 12*g. Let a be q(3). Let d = -23 + a. What is the units digit of d?
3
Suppose 0 = 3*h - 2*h - 2*w - 32, -4*h + 138 = -3*w. Suppose 5*u = 2*u - h. What is the tens digit of ((-9)/u)/(2/32)?
1
Let g = 7 + -1. Let t be (g/(-15))/(4/(-20)). What is the units digit of 2*15*t/3?
0
Let z(w) = 851*w - 5. What is the units digit of z(4)?
9
Let y = -11 + 14. Suppose -y*q + 2*t - 33 = -116, -q + 23 = -3*t. What is the tens digit of q?
2
Let k(a) = -a**2 - 8*a - 9. Let w be k(-6). Suppose 2*m - 3*q = -q + 6, -q = w. Suppose m*y + 4*y = 3*r - 103, r - 3*y = 31. What is the units digit of r?
7
Suppose -c + 3 - 3 = 0. What is the units digit of (1 - (3 - 0) - -103) + c?
1
Let d(p) = 470*p**2 + 11*p + 6. What is the hundreds digit of d(-2)?
8
What is the hundreds digit of ((-1236)/(-16) - -1)*4?
3
Suppose 800 = -5*y + 10. Let t = y + 226. What is the tens digit of t?
6
Let c = 25 + -43. What is the units digit of c/1*(-11)/22?
9
Suppose d - 1 = -4*g, 4*g - 5*d = 3*g - 5. Suppose 4*h = 4*u - 5 + 41, 4*h + u = 21. Let z = h - g. What is the units digit of z?
6
Let s be ((300/(-18))/(-10))/(2/264). Suppose 2*b = 2*z + 112, 4*b - s = -0*b + 3*z. What is the units digit of b?
2
Suppose -4*n = -4*f - 592 - 692, -3*f + 963 = 3*n. What is the hundreds digit of n?
3
Let n(s) = -6*s**3 - 81*s**2 - 66*s + 96. Let v(k) = -k**3 - 16*k**2 - 13*k + 19. Let j(d) = 2*n(d) - 11*v(d). What is the tens digit of j(13)?
9
Suppose -21 = 4*g - 5. Suppose 4*d - 432 = -4*d. What is the tens digit of (21/g)/(d/(-288))?
2
Let l = 6 - 6. Suppose l = 3*q + 4*o + 2, 3*q - 3*o + 0 - 12 = 0. Suppose -2*x + 19 + 13 = 4*f, -q*f = -4*x + 54. What is the units digit of x?
4
Let f(h) = -2*h**3 - 27*h**2 - 146*h + 11. What is the units digit of f(-12)?
1
Let r be (2/(-2) - (-2 + 9))*-2. Suppose -t + 0*t + 19 = 4*o, -2*o + 95 = 5*t. Let x = t + r. What is the tens digit of x?
3
Let u(g) = 4*g**3 - g**2 + g - 1. Let n be u(1). Suppose -243 = -3*b + 3*y, b + n*y = -3*b + 359. What is the tens digit of b?
8
Let z(t) = -2*t + t + 2*t. Let b be z(4). What is the units digit of b/5 - (-844)/20?
3
Suppose 0 = -15*j + 6*j + 8820. What is the units digit of j?
0
Let m = 0 - 0. Suppose -2*f - w = 0, -w = -m*f - f. What is the units digit of (-3*2 + f)*-10?
0
Suppose -3*g - 12 = -0*g. Let b be (-14)/(-4) + (-2)/g. Suppose 4*l - 4*k + 9*k - 138 = 0, -82 = -2*l + b*k. What is the tens digit of l?
3
Suppose 4*c = 4*r + 328, 2*c + 0*r = 4*r + 172. Suppose 4*s = n + s - c, 3*n = -5*s + 234. What is the tens digit of n?
7
Let u = 273 + 70. What is the hundreds digit of u?
3
Let u(o) = 12*o**2 - 14. What is the units digit of u(3)?
4
W